 be the second derivative of 23*n**3/6 + 37*n**2/2 + 3*n - 14. List the prime factors of g(9).
2, 61
List the prime factors of -6 + 9972790/130 - 30/(-130).
2, 127, 151
List the prime factors of 481 - 481 - 78*(0 + 629/(-2)).
3, 13, 17, 37
Let o(j) = -j**3 - 6*j**2 - 6*j + 5. Let x be o(-5). Suppose -75 = 2*y - 7*y. Suppose 4*f + 5*q = x, q - y = -f + 6*q. What are the prime factors of f?
5
Let n = -67 - -74. Suppose -n*q = -2*q - 25. Suppose -q*m = 314 - 1009. List the prime factors of m.
139
Let j(l) = -l**3 - 79*l**2 + 36*l - 579. List the prime factors of j(-81).
3, 3209
Suppose n + f - 689 = 0, -15*n + 17*n - 2*f = 1386. List the prime factors of n.
691
Suppose -4*i - 82 = -s - 441, 5*s = -5*i + 480. Suppose v + 14 = 41. Let q = v + i. What are the prime factors of q?
2, 59
Suppose 51*u - 53*u = 12. Let p be ((-2)/u)/((-2)/(-24)). Suppose -2*m = -3*a + 421, 0 = p*a - 5*a - 5*m + 163. What are the prime factors of a?
11, 13
Let v(h) = 10*h**2 + 185*h - 2578. List the prime factors of v(62).
2, 11833
List the prime factors of (1*-773)/(-12 - -11)*(66 - 9).
3, 19, 773
List the prime factors of 9 - 1*752835/(-15).
2, 19, 1321
Suppose -320*j + 248*j = -1054656. What are the prime factors of j?
2, 1831
Suppose 5*v + 2*v = 5*v + 18790. What are the prime factors of v?
5, 1879
Suppose -9828 = -z + m, 0 = -398*z + 396*z + m + 19659. What are the prime factors of z?
3, 29, 113
Suppose -4822 = -4*k + 2*f, -5*k + 0*f = -5*f - 6035. Suppose -4*h + 0*h + k = -2*n, 4*n = -3*h + 903. What are the prime factors of h?
7, 43
Let i = 4774 + -4713. Let l(u) = 13*u**2 - u + 5. Let y be l(-5). Suppose -18*h + y + i = 0. What are the prime factors of h?
2, 11
Suppose 189*h - 5477978 = 2*h. List the prime factors of h.
2, 97, 151
Let x = -131 - -234. Suppose -107*w + 5016 = -x*w. What are the prime factors of w?
2, 3, 11, 19
Let x = -82 + 81. List the prime factors of (x + 49/21)*15.
2, 5
Let d = -165 - -95. Let m = 147 + d. List the prime factors of (m/2)/((-8)/(-16)).
7, 11
Suppose 32*l - 96 = 28*l. Suppose -30*i = -l*i - 1290. List the prime factors of i.
5, 43
Suppose -5*r + 2096 = -4*z - 219, -2365 = 4*z + 5*r. What are the prime factors of (-288)/(-9)*z/(-12)?
2, 3, 5, 13
Let j(y) = 10*y**2 + 16*y + 13. Let d be j(-7). Let r = d + 333. Suppose -4*x = c - r, 0 = c + 4. List the prime factors of x.
2, 7, 13
Suppose 229*h - 152*h - 2246706 = 0. What are the prime factors of h?
2, 3, 1621
Let o be (2 - 276/15)/((-1)/(-30)). Let p = 225 - o. What are the prime factors of p?
3, 239
Suppose 200129 = -43*q + 40556. Let r = -2303 - q. What are the prime factors of r?
2, 11
Let w(x) = x**3 + 8*x**2 + 3*x + 38. Let l be w(-8). List the prime factors of (0 - -2 - l)/(2/(-59)).
2, 3, 59
Let c be (0*8/8)/5. Let b(y) = y**3 - 3*y**2 - 2*y + 678. What are the prime factors of b(c)?
2, 3, 113
Suppose 111400 = 5*f + 5*q, -141*q - 89122 = -4*f - 144*q. List the prime factors of f.
2, 13, 857
Let i(y) be the first derivative of y**4/4 + 11*y**3 - 18*y**2 - 142*y - 15. What are the prime factors of i(-33)?
2, 523
Let f(y) = y**2 + 2*y + 5. Let x be f(-4). Let s(n) = -n + 40. Let m be s(8). Let l = m - x. What are the prime factors of l?
19
Let r(x) = x + 17. Let j be r(-15). Suppose -4*q - j*s = -2*q + 4, -3*q - 4*s - 11 = 0. Suppose 0*o - q*o = -9. What are the prime factors of o?
3
Suppose 35*o - 7*o - 84 = 0. List the prime factors of -5 + 151 - (-5 + o).
2, 37
Suppose 0 = 3*w - t - 257, w = -2*w - 3*t + 273. Suppose -4*a = -3*a + 2. List the prime factors of (w - 2 - a) + 2.
89
Let t be 4/18 + (-11761)/(-171). Let d(c) = -2*c + 2. Let s be d(0). Suppose -n = -3*m - 78, -s*m - t = 5*n - 459. What are the prime factors of n?
2, 3, 13
Suppose -c - 5*f = -77046, 0 = 7*c - 2*c + 2*f - 385069. What are the prime factors of c?
11, 7001
Let j(g) = -18*g + 14. Let d(a) = a**2 + 19*a - 13. Let m(t) = 3*d(t) + 2*j(t). Let r(f) be the first derivative of m(f). What are the prime factors of r(5)?
3, 17
Let s = 3231 - -8757. List the prime factors of s.
2, 3, 37
Let z(g) = 45*g**3 + 8*g**2 - 102*g + 116. List the prime factors of z(7).
97, 157
Suppose -43*b = -37*b + 1266. Let m = -125 - b. List the prime factors of m.
2, 43
Let r = 946 - 478. Suppose 0 = -11*a - a + r. Suppose 0 = 34*c - a*c + 760. What are the prime factors of c?
2, 19
Suppose -3 = -5*w + 7. Suppose 0 = -5*h - 4*d - w, 2*d = h - 0*d - 8. Suppose h*c + 4*o = 42, 2*c + 3*o - 42 + 2 = 0. What are the prime factors of c?
17
Let q = 39327 - 13091. What are the prime factors of q?
2, 7, 937
Suppose 4*v = -3*b + 11816, 0 = -v + 9*b - 8*b + 2947. List the prime factors of v.
13, 227
Let c be (-7 - 5)*2028/(-9). Suppose c = 5*a - 1196. List the prime factors of a.
2, 3, 5, 13
Let w = 19230 - 6560. What are the prime factors of w?
2, 5, 7, 181
Let k = 198 - 190. List the prime factors of (-4125)/(-60) + -3 + 26/k.
3, 23
Let q(k) = -2*k**3 - 33*k**2 + 28*k - 13. Let v be q(-18). Suppose -445*c = -v*c + 11540. What are the prime factors of c?
2, 577
Suppose 0 = r - 3, -2*r - 18 = 5*u - 249. Let x = 42 - u. List the prime factors of 9/(-27) - 211/x.
2, 5, 7
Suppose 0 = 6*w - 10 - 8. Suppose 13*r - w*p - 4011 = 8*r, 3995 = 5*r + 5*p. List the prime factors of r.
3, 89
Let h = 77369 + -27997. List the prime factors of h.
2, 12343
Let d be (-14)/105 + (336/45)/(-4). Let z be (-1 - 52)*(d - 0). Suppose -24 = 2*k - z. What are the prime factors of k?
41
Let h = 1829 + -687. Suppose -106 = -6*b + h. List the prime factors of b.
2, 13
Let h = -5745 - -16242. List the prime factors of h.
3, 3499
Let n(b) = -103*b + 619. List the prime factors of n(-15).
2, 541
Let i(p) = 48*p**3 - 11*p**2 + 42*p - 9. What are the prime factors of i(5)?
2, 2963
Suppose -19*w = 271 + 109. List the prime factors of 15/(-20) - 6515/w.
5, 13
Suppose 2*u - 4130 - 5134 - 530 = 0. What are the prime factors of u?
59, 83
List the prime factors of 4 - 260457/(-34) - (-2)/(-4).
2, 479
Let n(c) be the first derivative of c**4/4 + 2*c**2 + 3*c + 22. Let j be n(0). Suppose 3*t + j*g = g + 523, 3*g - 6 = 0. List the prime factors of t.
173
Suppose -w - q - 169 = 0, -4*w + 500 = -7*w + 4*q. List the prime factors of (376/(-6) + -2)/(14/w).
2, 97
Suppose 4*f - 10 = -o - 0, -2*o = f - 13. List the prime factors of (676/39 - 12)/(2/o).
2
Suppose 0 = 4*o - 3*a - 11, 0*o + 4*o - 2*a = 14. Suppose 5*j = -o*s - 0*s + 270, 0 = s + 3. What are the prime factors of j?
3, 19
Let x be (29 - 27)/(1/(-4)). List the prime factors of x/20 - (-2617)/5.
523
Let i(r) = -18*r + 410. Let c be i(17). Suppose c = -9*n + 1103. What are the prime factors of n?
3, 37
Let n(g) = 2*g**3 + 20*g**2 - 21*g + 16. Let b be n(-11). Suppose 15*p = -5*v + 16*p + 770, b*p = 5*v - 770. What are the prime factors of v?
2, 7, 11
Suppose -15*x + 4*m = -11*x - 28708, -14333 = -2*x - 5*m. What are the prime factors of x?
2, 17, 211
Let o(r) = -404*r**3 - 61*r**2 - 4*r + 18. What are the prime factors of o(-5)?
23, 2131
List the prime factors of 36/4 + -3 - (-8312 - (12 + -14)).
2, 3, 7, 11
Let p = -1254 + 1108. Let a(c) = -6*c**2 + 3*c - 1. Let k be a(-6). Let q = p - k. List the prime factors of q.
89
Let m(o) = -4*o - 4. Suppose 0 = 6*v - v + 25, -2 = 2*j + 2*v. Let g be j*8/12*6/(-4). What are the prime factors of m(g)?
2, 3
Suppose 0 = -y + 183 + 6. Let f(c) = -2*c**3 - 47*c**2 - 32*c + 106. Let v be f(-23). Let h = v - y. List the prime factors of h.
2, 31
What are the prime factors of 6/36 + 0 + (-30659)/(-6)?
2, 5, 7, 73
Let c(g) = 11*g + 322. Let r be c(-29). Suppose -f + r*s = s - 1179, 0 = -4*f - s + 4680. List the prime factors of f.
1171
Let z(a) = 37*a**2 + 776*a + 50. What are the prime factors of z(-39)?
67, 389
Suppose 3*h + 8 = -10. List the prime factors of 0 - -4 - (h - 61).
71
Let v(l) = -l**3 + l**2 + 3*l + 4. Let w be v(-3). Suppose -w*o = -30*o - 552. What are the prime factors of o?
2, 3, 23
Let g(f) = -619*f + 6511. What are the prime factors of g(-48)?
11, 37, 89
Let v be (15040/6)/4 + (-72)/108. Suppose o = x + v, -13*o + 4*x + 3133 = -8*o. What are the prime factors of o?
17, 37
Suppose 26*x = 23*x + 2*c + 10847, 5*x - 18105 = 10*c. List the prime factors of x.
3613
Let r = 2608 - -3073. List the prime factors of r.
13, 19, 23
Suppose 4*a - 79*t + 74*t = 99200, 4*a = t + 99184. Lis